e the prime factors of 426795?
3, 5, 37, 769
List the prime factors of 111027.
3, 7, 17, 311
What are the prime factors of 3836654?
2, 1918327
List the prime factors of 2442005.
5, 488401
What are the prime factors of 1669960?
2, 5, 83, 503
What are the prime factors of 1634815?
5, 7, 13, 3593
What are the prime factors of 1502792?
2, 37, 5077
What are the prime factors of 6306780?
2, 3, 5, 257, 409
What are the prime factors of 5533332?
2, 3, 7, 19, 3467
List the prime factors of 6303286.
2, 11, 286513
List the prime factors of 352154.
2, 11, 16007
What are the prime factors of 1234970?
2, 5, 11, 103, 109
List the prime factors of 431.
431
What are the prime factors of 954941?
13, 17, 29, 149
What are the prime factors of 912894?
2, 3, 233, 653
List the prime factors of 614522.
2, 307261
What are the prime factors of 1045164?
2, 3, 251, 347
What are the prime factors of 1782270?
2, 3, 5, 7, 23, 41
What are the prime factors of 3891660?
2, 3, 5, 37, 1753
List the prime factors of 5305274.
2, 13, 107, 1907
List the prime factors of 9619076.
2, 17, 53, 157
List the prime factors of 351056.
2, 37, 593
List the prime factors of 226891.
7, 32413
What are the prime factors of 1819339?
1819339
List the prime factors of 907085.
5, 43, 4219
What are the prime factors of 168384?
2, 3, 877
What are the prime factors of 10664794?
2, 7, 193, 3947
List the prime factors of 5528052.
2, 3, 153557
What are the prime factors of 2139658?
2, 641, 1669
List the prime factors of 3977.
41, 97
What are the prime factors of 10723807?
10723807
What are the prime factors of 20297886?
2, 3, 7, 227, 2129
List the prime factors of 1245945.
3, 5, 83063
What are the prime factors of 10480511?
31, 149, 2269
What are the prime factors of 6738?
2, 3, 1123
List the prime factors of 2543901.
3, 847967
What are the prime factors of 2953060?
2, 5, 11, 31, 433
List the prime factors of 2089381.
7, 298483
What are the prime factors of 29039213?
7, 17, 71, 491
What are the prime factors of 1828316?
2, 7, 17, 23, 167
List the prime factors of 1533022.
2, 766511
List the prime factors of 21162236.
2, 5290559
What are the prime factors of 177333?
3, 13, 4547
List the prime factors of 310414.
2, 13, 11939
List the prime factors of 3695918.
2, 19, 5119
What are the prime factors of 3390896?
2, 211931
What are the prime factors of 159039?
3, 41, 431
What are the prime factors of 6375358?
2, 11, 289789
List the prime factors of 3380656.
2, 211291
List the prime factors of 1591457.
7, 101, 2251
What are the prime factors of 975297?
3, 47, 6917
What are the prime factors of 1152930?
2, 3, 5, 38431
What are the prime factors of 3912847?
1831, 2137
List the prime factors of 9714921.
3, 61, 53087
List the prime factors of 49011.
3, 17, 31
List the prime factors of 613.
613
What are the prime factors of 1006032?
2, 3, 20959
What are the prime factors of 3282498?
2, 3, 89, 683
List the prime factors of 819845.
5, 13, 12613
List the prime factors of 1848833.
7, 19, 13901
What are the prime factors of 5430142?
2, 2715071
List the prime factors of 272843.
233, 1171
List the prime factors of 25514007.
3, 43, 97, 2039
What are the prime factors of 2059927?
2059927
What are the prime factors of 3798237?
3, 1266079
List the prime factors of 25607.
29, 883
What are the prime factors of 378986?
2, 189493
List the prime factors of 6096013.
7, 11, 17, 4657
List the prime factors of 5011764.
2, 3, 149, 2803
What are the prime factors of 789745?
5, 11, 83, 173
List the prime factors of 2641910.
2, 5, 61, 71
List the prime factors of 1228642.
2, 614321
What are the prime factors of 6188048?
2, 41, 9433
List the prime factors of 4837357.
7, 691051
What are the prime factors of 10678008?
2, 3, 11, 3677
List the prime factors of 263127.
3, 139, 631
What are the prime factors of 3586633?
29, 123677
What are the prime factors of 712895?
5, 17, 8387
What are the prime factors of 176272?
2, 23, 479
List the prime factors of 685473.
3, 29, 7879
What are the prime factors of 641077?
641077
List the prime factors of 1399082.
2, 699541
List the prime factors of 1175629.
7, 13, 12919
List the prime factors of 6868032.
2, 3, 35771
What are the prime factors of 3502265?
5, 13, 53881
What are the prime factors of 216064?
2, 211
What are the prime factors of 305864?
2, 13, 17, 173
What are the prime factors of 2873326?
2, 751, 1913
List the prime factors of 281853.
3, 11, 13, 73
What are the prime factors of 208397?
7, 4253
List the prime factors of 429939.
3, 23, 31, 67
List the prime factors of 11749265.
5, 11, 213623
List the prime factors of 492037.
7, 13, 5407
List the prime factors of 1725763.
13, 132751
What are the prime factors of 2662770?
2, 3, 5, 11, 8069
What are the prime factors of 1390370?
2, 5, 257, 541
What are the prime factors of 215954?
2, 19, 5683
List the prime factors of 869566.
2, 434783
What are the prime factors of 995826?
2, 3, 13, 17, 751
What are the prime factors of 1376568?
2, 3, 6373
What are the prime factors of 653075?
5, 151, 173
What are the prime factors of 4516587?
3, 409
List the prime factors of 2069441.
11, 419, 449
What are the prime factors of 661336?
2, 13, 6359
What are the prime factors of 186615?
3, 5, 11, 13, 29
List the prime factors of 7794718.
2, 3897359
What are the prime factors of 3961057?
3961057
List the prime factors of 2704817.
2704817
List the prime factors of 12100659.
3, 337, 11969
List the prime factors of 362798.
2, 181399
List the prime factors of 29564892.
2, 3, 7, 39107
List the prime factors of 429524.
2, 167, 643
List the prime factors of 336581.
7, 6869
What are the prime factors of 169563?
3, 29, 1949
What are the prime factors of 10302876?
2, 3, 31799
List the prime factors of 8276377.
89, 92993
List the prime factors of 591168.
2, 3, 3079
List the prime factors of 188373.
3, 62791
List the prime factors of 17372798.
2, 29, 47, 6373
What are the prime factors of 15584?
2, 487
What are the prime factors of 5147860?
2, 5, 19, 23, 31
List the prime factors of 1650256.
2, 103141
What are the prime factors of 230976?
2, 3, 401
List the prime factors of 2714702.
2, 1357351
What are the prime factors of 15960827?
23, 379, 1831
What are the prime factors of 2313791?
61, 83, 457
List the prime factors of 1779921.
3, 11, 13, 461
What are the prime factors of 3354298?
2, 19, 103, 857
What are the prime factors of 1519608?
2, 3, 63317
List the prime factors of 11552714.
2, 5776357
List the prime factors of 138753.
3, 571
What are the prime factors of 27059?
27059
List the prime factors of 3725978.
2, 29, 227, 283
List the prime factors of 2383754.
2, 71, 16787
What are the prime factors of 9321201?
3, 139, 7451
List the prime factors of 3005506.
2, 7, 137, 1567
List the prime factors of 23137.
17, 1361
What are the prime factors of 72576?
2, 3, 7
What are the prime factors of 2496321?
3, 79, 3511
What are the prime factors of 64205?
5, 12841
List the prime factors of 6113335.
5, 1222667
List the prime factors of 106280.
2, 5, 2657
What are the prime factors of 133698?
2, 3, 22283
List the prime factors of 129337.
13, 9949
What are the prime factors of 1188671?
11, 108061
List the prime factors of 8566616.
2, 1070827
What are the prime factors of 11434650?
2, 3, 5, 76231
List the prime factors of 394715.
5, 89, 887
What are the prime factors of 363845?
5, 53, 1373
What are the prime factors of 954521?
31, 41, 751
What are the prime factors of 4814129?
4814129
What are the prime factors of 39328?
2, 1229
What are the prime factors of 28773?
3, 23, 139
What are the prime factors of 353273?
541, 653
What are the prime factors of 960441?
3, 389, 823
List the prime factors of 4505131.
4505131
List the prime factors of 823289.
19, 43331
List the prime factors of 9257007.
3, 1613, 1913
What are the prime factors of 10819498?
2, 157, 34457
What are the prime factors of 1356798?
2, 3, 226133
What are the prime factors of 8888879?
23, 163, 2371
What are the prime factors of 5592404?
2, 23, 89, 683
What are the prime factors of 3928190?
2, 5, 7, 17, 3301
List the prime factors of 2223643.
127, 17509
What are the prime factors of 12694778?
2, 97, 65437
List the prime factors of 9977703.
3, 3325901
List the prime factors of 385364.
2, 7, 13763
List the prime factors of 3779003.
